, 97
List the prime factors of 1520.
2, 5, 19
What are the prime factors of 238?
2, 7, 17
List the prime factors of 147712.
2, 577
List the prime factors of 735.
3, 5, 7
What are the prime factors of 2782?
2, 13, 107
List the prime factors of 640.
2, 5
List the prime factors of 12432.
2, 3, 7, 37
List the prime factors of 1621.
1621
List the prime factors of 1024.
2
What are the prime factors of 22520?
2, 5, 563
List the prime factors of 14542.
2, 11, 661
List the prime factors of 43842.
2, 3, 7307
List the prime factors of 4302.
2, 3, 239
List the prime factors of 21716.
2, 61, 89
What are the prime factors of 258?
2, 3, 43
What are the prime factors of 3198?
2, 3, 13, 41
What are the prime factors of 554?
2, 277
What are the prime factors of 6356?
2, 7, 227
List the prime factors of 96.
2, 3
What are the prime factors of 228?
2, 3, 19
List the prime factors of 42400.
2, 5, 53
What are the prime factors of 3291?
3, 1097
List the prime factors of 1528.
2, 191
What are the prime factors of 99141?
3, 7, 4721
List the prime factors of 3947.
3947
What are the prime factors of 25?
5
What are the prime factors of 1355?
5, 271
List the prime factors of 14880.
2, 3, 5, 31
List the prime factors of 134.
2, 67
List the prime factors of 930.
2, 3, 5, 31
What are the prime factors of 559?
13, 43
List the prime factors of 891.
3, 11
List the prime factors of 433.
433
What are the prime factors of 3703?
7, 23
What are the prime factors of 2117?
29, 73
List the prime factors of 1953.
3, 7, 31
What are the prime factors of 3199?
7, 457
What are the prime factors of 23456?
2, 733
What are the prime factors of 54?
2, 3
What are the prime factors of 26280?
2, 3, 5, 73
What are the prime factors of 7029?
3, 11, 71
What are the prime factors of 1511?
1511
List the prime factors of 2186.
2, 1093
What are the prime factors of 18693?
3, 31, 67
What are the prime factors of 316?
2, 79
List the prime factors of 17777.
29, 613
List the prime factors of 17038.
2, 7, 1217
What are the prime factors of 184135?
5, 7, 5261
List the prime factors of 2578.
2, 1289
What are the prime factors of 49909?
29, 1721
List the prime factors of 13610.
2, 5, 1361
List the prime factors of 54296.
2, 11, 617
What are the prime factors of 1849?
43
List the prime factors of 2327.
13, 179
List the prime factors of 2338.
2, 7, 167
What are the prime factors of 286?
2, 11, 13
What are the prime factors of 9607?
13, 739
What are the prime factors of 8745?
3, 5, 11, 53
List the prime factors of 169.
13
List the prime factors of 27200.
2, 5, 17
What are the prime factors of 16927?
16927
List the prime factors of 1579.
1579
List the prime factors of 24333.
3, 8111
List the prime factors of 390.
2, 3, 5, 13
List the prime factors of 1077.
3, 359
List the prime factors of 42093.
3, 1559
List the prime factors of 3196.
2, 17, 47
List the prime factors of 79960.
2, 5, 1999
What are the prime factors of 1488?
2, 3, 31
What are the prime factors of 25044?
2, 3, 2087
What are the prime factors of 741?
3, 13, 19
What are the prime factors of 7165?
5, 1433
List the prime factors of 2476.
2, 619
What are the prime factors of 3010?
2, 5, 7, 43
What are the prime factors of 2932?
2, 733
List the prime factors of 2592.
2, 3
What are the prime factors of 3596?
2, 29, 31
List the prime factors of 21724.
2, 5431
What are the prime factors of 2465?
5, 17, 29
What are the prime factors of 10368?
2, 3
What are the prime factors of 1021?
1021
List the prime factors of 624.
2, 3, 13
What are the prime factors of 1386?
2, 3, 7, 11
List the prime factors of 3337.
47, 71
What are the prime factors of 2808?
2, 3, 13
List the prime factors of 109833.
3, 31, 1181
List the prime factors of 22465.
5, 4493
List the prime factors of 1646.
2, 823
List the prime factors of 6174.
2, 3, 7
What are the prime factors of 797?
797
List the prime factors of 447.
3, 149
List the prime factors of 461.
461
List the prime factors of 6038.
2, 3019
List the prime factors of 9762.
2, 3, 1627
What are the prime factors of 874?
2, 19, 23
List the prime factors of 21.
3, 7
What are the prime factors of 26397?
3, 7, 419
List the prime factors of 1974.
2, 3, 7, 47
List the prime factors of 264.
2, 3, 11
List the prime factors of 6821.
19, 359
What are the prime factors of 2455?
5, 491
What are the prime factors of 8220?
2, 3, 5, 137
List the prime factors of 30764.
2, 7691
What are the prime factors of 3566?
2, 1783
List the prime factors of 41983.
41983
What are the prime factors of 610?
2, 5, 61
What are the prime factors of 7810?
2, 5, 11, 71
What are the prime factors of 1140?
2, 3, 5, 19
List the prime factors of 138.
2, 3, 23
What are the prime factors of 6683?
41, 163
List the prime factors of 2504.
2, 313
List the prime factors of 4604.
2, 1151
What are the prime factors of 652?
2, 163
List the prime factors of 25810.
2, 5, 29, 89
What are the prime factors of 57440?
2, 5, 359
List the prime factors of 17743.
11, 1613
What are the prime factors of 1033?
1033
List the prime factors of 892.
2, 223
List the prime factors of 5378.
2, 2689
List the prime factors of 8436.
2, 3, 19, 37
List the prime factors of 14.
2, 7
List the prime factors of 352.
2, 11
What are the prime factors of 96593?
7, 13799
List the prime factors of 3295.
5, 659
What are the prime factors of 1619?
1619
List the prime factors of 758.
2, 379
List the prime factors of 9459.
3, 1051
What are the prime factors of 20978?
2, 17, 617
List the prime factors of 117000.
2, 3, 5, 13
List the prime factors of 10310.
2, 5, 1031
List the prime factors of 22503.
3, 13, 577
List the prime factors of 196.
2, 7
What are the prime factors of 2277?
3, 11, 23
What are the prime factors of 76160?
2, 5, 7, 17
List the prime factors of 21570.
2, 3, 5, 719
List the prime factors of 15858.
2, 3, 881
List the prime factors of 1115.
5, 223
What are the prime factors of 30729?
3, 10243
What are the prime factors of 3945?
3, 5, 263
What are the prime factors of 7533?
3, 31
List the prime factors of 29487.
3, 9829
What are the prime factors of 25?
5
List the prime factors of 24940.
2, 5, 29, 43
What are the prime factors of 19270?
2, 5, 41, 47
List the prime factors of 3562.
2, 13, 137
What are the prime factors of 41426?
2, 7, 11, 269
What are the prime factors of 9773?
29, 337
List the prime factors of 65621.
211, 311
List the prime factors of 45233.
45233
List the prime factors of 14898.
2, 3, 13, 191
What are the prime factors of 8303?
19, 23
List the prime factors of 12828.
2, 3, 1069
List the prime factors of 23828.
2, 7, 23, 37
List the prime factors of 995.
5, 199
List the prime factors of 14510.
2, 5, 1451
What are the prime factors of 10166?
2, 13, 17, 23
List the prime factors of 1954.
2, 977
What are the prime factors of 2431?
11, 13, 17
What are the prime factors of 29821?
11, 2711
List the prime factors of 102090.
2, 3, 5, 41, 83
What are the prime factors of 2844?
2, 3, 79
What are the prime factors of 9587?
9587
List the prime factors of 18004.
2, 7, 643
What are the prime factors of 301?
7, 43
What are the prime factors of 2458?
2, 1229
What are the prime factors of 157825?
5, 59, 107
List the prime factors of 25209.
3, 2801
What are the prime factors of 16068?
2, 3, 13, 103
What are the prime factors of 622?
2, 311
List the prime factors of 12522.
2, 3, 2087
List the prime factors of 6057.
3, 673
What are the prime factors of 785?
5, 157
What are the prime factors of 342?
2, 3, 19
List the prime factors of 4504.
2, 563
List the prime factors of 2884.
2, 7, 103
List the prime factors of 11793.
3, 3931
List the prime factors of 113087.
13, 8699
List the prime factors of 6284.
2, 1571
List the prime factors of 15956.
2, 3989
List the prime factors of 114472.
2, 41, 349
What are the prime factors of 407?
11, 37
List the prime factors of 1893.
3, 631
List the prime factors of 1001.
7, 11, 13
List the prime factors of 1213.
1213
List the prime factors of 109236.
2, 3, 9103
List the prime factors of 118.
2, 59
List the prime factors of 2227.
17, 131
What are the prime factors of 296?
2, 37
What are the prime factors of 2898?
2, 3, 7, 23
List the prime factors of 70824.
2, 3, 13, 227
What are the prime factors of 8668?
2, 11, 197
List the prime factors of 7507.
7507
What are the prime fa